) = -m**2 + 7 - m - 7. Let r(j) = d(j) + 5*w(j). Calculate r(-3).
-3
Let b(k) = k**3 + 4*k**2. Suppose 26 = c + c + 5*p, p = c - 13. Suppose -3*x - c + 4 = 0. What is b(x)?
9
Let g = 4 - 6. Let f(w) be the second derivative of w**5/20 + w**4/4 + w**3/3 - w**2/2 - 2*w. Determine f(g).
-1
Let w(h) = h**2 + h + 6. Suppose 4*v + 0*v = 100. Let q(a) = -a**2 + 4*a - 2. Let s be q(4). Let d be s/5 + 10/v. Determine w(d).
6
Let g(v) = -1 - 2*v - v**2 + 6*v + v**2 + v**2. Let h = -15 + 10. What is g(h)?
4
Let y(i) = 13*i - 9*i + 3 - 2 + 6*i. Determine y(-2).
-19
Let d(p) = p**3 + 6*p**2 + 7*p + 3. Let a = -36 - -31. Determine d(a).
-7
Suppose 0*v = 7*v - 28. Let k(q) = q**2 - 4*q + 6. What is k(v)?
6
Suppose 3*f - 32 = -f. Let c = -6 + f. Let x(s) = -2*s**3 + 2*s**2 - s. Let i(b) = 3*b**3 - 3*b**2 + 2*b - 1. Let k(d) = -3*i(d) - 4*x(d). What is k(c)?
-5
Let f(a) be the second derivative of -a**3/3 - a. Let i(x) = x**3 + x**2 - 2*x - 2. Let g be i(-2). What is f(g)?
4
Suppose s + 3*s - 5*r = -10, 0 = -s + 4*r + 3. Let x(z) = -z - 1. Determine x(s).
4
Let w(o) = -o**3 + o. Suppose -5*h + 23 = 3*p + p, 3*p - 5*h = -9. Suppose -4*t = p*v - 2, 3*t = 5*t + 2. Suppose -6*l = -v*l. Determine w(l).
0
Let l(j) = -3*j - 2. Suppose 0*y - 2 = 4*s + 2*y, 0 = -4*s - 4*y + 4. Determine l(s).
4
Let p be 8/6*(-6)/(-4). Suppose 0*s = p*s. Let d(r) = -r**2 - 6. Determine d(s).
-6
Suppose -2*h + 4*h = 4. Suppose o = h*o - 4. Let j(n) be the second derivative of n**5/20 - n**4/4 - 2*n**3/3 + 3*n**2/2 - n. Determine j(o).
3
Let p(f) = f**3 - 10*f**2 + 10*f - 5. Let u be p(9). Let w(t) = -6*t**2 - 2*t - 3. Let y(b) = -5*b**2 - b - 3. Let s(r) = u*w(r) - 5*y(r). Give s(2).
1
Let j = -1 + 3. Suppose -j*r - 5 = 5. Let p(q) = 2*q - 1. Let x(h) = -5*h + 2. Let b(d) = 8*p(d) + 3*x(d). Determine b(r).
-7
Let h(b) = b**2 - 2*b. Suppose -3*j + 4*n = 3, 0 = -0*n + 2*n. Let c = 5 + j. Calculate h(c).
8
Let a(s) be the third derivative of -s**4/8 + s**3/3 - 6*s**2. Calculate a(-5).
17
Let z be (-6)/(3*(-2)/(-4)). Let w be (z/2)/(2 + -4). Let s(x) be the first derivative of 3*x**2 - 3. Give s(w).
6
Suppose 3*t - 4 = 2*t. Let u(n) = n - 3. Give u(t).
1
Let z(c) = -c**2 + c - 4. Suppose -10 = -4*w - 2*s, -w = 4*w + 5*s - 10. Calculate z(w).
-10
Suppose w - 3*w - 10 = 4*i, 0 = -i - 3. Let f(j) = j - j**2 - 2 + 4*j + 4*j**3 + w - 6*j. Determine f(-1).
-5
Let j(u) = u**3 + 3*u**2 - 3*u. Suppose -24 = 17*f - 11*f. Give j(f).
-4
Suppose 0 = -5*g - 5*b - 10, 14 = g + 3*b + 2*b. Let o(n) be the second derivative of -n**5/20 - 7*n**4/12 - n**3 - 3*n**2/2 + 4*n. Calculate o(g).
-3
Let v = 9 - 8. Let j(o) = o + v + 2*o - 2*o + 5*o. Let k be j(-1). Let i(z) = -z**2 - 3*z + 2. Give i(k).
-8
Let p be (5 - 4)/(1/3). Suppose 0 = 5*z - 2*u - 20 + 5, -p*z - u = -20. Let y(c) be the first derivative of -c**4/4 + 5*c**3/3 + c**2/2 - 1. Calculate y(z).
5
Let q(u) = 8*u + 6 + 0*u**2 - 15 - u**2. Suppose 0 = -2*i + 3*j + 41, 2*i - 4 = 2*j + 32. Let v = -7 + i. Give q(v).
3
Let q(k) = -k**2 + 4*k + 5. Let l be q(5). Let w(f) be the first derivative of 1 - 4*f - 1/2*f**2. Determine w(l).
-4
Let t be (-4)/6*18/(-3). Let n(u) = -3*u - 1 + t*u + 3*u. What is n(-2)?
-9
Let l(p) = -p**2 - 3*p + 3. Let j be (6/2)/(2/6). Suppose 0*w = -3*w - j. Calculate l(w).
3
Let m(f) = -3*f**3 + 3*f**2. Let d = -23 + 25. Give m(d).
-12
Let m(j) = 3*j + 2. Let c = -8 - -14. Let h be (-20)/c + (-2)/(-6). Give m(h).
-7
Let o(b) = -2*b**2 + 1. Suppose 2*s = 5 - 7. Give o(s).
-1
Let o(a) = -a**3 - 6*a**2 + 4. Let i(w) = -6*w. Let c be i(1). Determine o(c).
4
Let t be 1 + 0 + (8 - 9). Let a(y) be the third derivative of 1/3*y**3 + 1/12*y**4 + t*y + 2*y**2 + 0. Give a(2).
6
Let h(i) = 2*i - 2 - 4 + 0 + 0. Suppose -3*a - 2*a = -25. Give h(a).
4
Let h(f) be the third derivative of f**7/1260 - f**6/720 + f**5/120 - f**4/6 - 3*f**2. Let m(c) be the second derivative of h(c). Determine m(-2).
11
Let t(f) = 7*f - 1. Let r(s) = -6*s + 2. Let g(x) = 6*r(x) + 5*t(x). What is g(5)?
2
Let i(k) = k**3 + k**2 + k + 1. Let o = -7 + 6. Determine i(o).
0
Let t(r) be the second derivative of r**6/360 - r**5/120 - r**4/6 + 3*r. Let g(s) be the third derivative of t(s). Give g(-3).
-7
Let l(c) = c**3 - 2*c + 3*c**3 - 3*c**2 - 2*c**3 + 3*c - 2. What is l(2)?
4
Let y(k) = 8*k**2 - k**2 - k**2 + k. Let t be y(-1). Let u(x) = x**2 - 5*x - 4. What is u(t)?
-4
Let j(k) = -k**2 + 2*k + 2. Let f = -10 - 0. Let c be (1 + 6/f)*-5. Give j(c).
-6
Let y(a) = -8*a**2 + 2*a - 1. Suppose -1 = -9*p + 8. What is y(p)?
-7
Let w(v) = 4*v - 1 - 2*v - 3*v. Let n = 9 + -9. Give w(n).
-1
Let p(r) be the second derivative of -r**4/12 + r**3 - 2*r**2 + 4*r. Calculate p(3).
5
Let y(g) be the second derivative of g**6/180 - g**5/40 + g**4/6 - 3*g. Let b(q) be the third derivative of y(q). Determine b(2).
5
Let t be (-12)/9*(1 + 2). Let r(w) = 3*w + w - w**3 - w**3 - 3*w**2 + w**3 - 1. Determine r(t).
-1
Let h be 225/6*4/5. Let n be 18/h - 46/10. Let p(u) = -3*u - 5. Determine p(n).
7
Let i(u) = 9*u - 1. Let a(h) = -h - 8. Let j be a(-10). Suppose j*w - 17 = -c - w, w = 3. Suppose 3*t + c = 5. Determine i(t).
-10
Let s(m) = -m**3 - m - 7. Suppose -4*o + 4 = -2*x - 2*o, 3*x + 10 = 5*o. Determine s(x).
-7
Let j(v) = -5*v - 2. Let w(y) = -6*y - 2. Let t(c) = -7*j(c) + 6*w(c). Suppose 0*z = 3*z + 4*s - 11, 0 = -5*z + s + 3. Calculate t(z).
1
Let n(d) be the second derivative of -d**3/6 - 3*d**2/2 + d. Determine n(-6).
3
Let i(r) = r**3 - 6*r**2 + 6*r - 2. Suppose 0 = g + 3*g - 8. Let b be 2/3 + 86/6. Suppose -p + b = g*p. Give i(p).
3
Let n be (-24)/14 + (36/21 - 2). Let q(w) be the third derivative of w**4/12 - w**3/6 - w**2. Calculate q(n).
-5
Suppose 5*k - 7 + 37 = 0. Let h(a) = -7 - 5*a**2 + 16*a**2 + 3*a - 10*a**2. Calculate h(k).
11
Let q(w) = 4*w. Suppose -7*v = -14*v - 14. Give q(v).
-8
Let b(h) = -h - 8. Let p be b(-5). Let m = p + -2. Let y(u) be the second derivative of -u**4/12 - 5*u**3/6 - 3*u**2/2 + 2*u. Calculate y(m).
-3
Let x(j) = j**2 + 1. Let q be 24/((-6)/(-9)*3). Let u = q - 12. Calculate x(u).
1
Let j(y) = 3*y**3 + 22*y**2 - 14*y + 23. Let u(p) = -p**3 - 8*p**2 + 5*p - 8. Let i(f) = -6*j(f) - 17*u(f). Calculate i(3).
4
Let d(v) = -3*v - 2*v**2 + v**2 + 8*v - v - v**3. Suppose 5*u + 3*y + 4 = -17, 4*u + 10 = y. What is d(u)?
6
Let d(t) = t**3 - 5*t**2 - 5. Suppose 3*j = 2*g - 1, 3 = 2*j + 4*g - 7. Let m be 1 - ((-5)/j - -1). Give d(m).
-5
Suppose 3*x + 3*u = x, 0 = 5*x - 3*u - 21. Let a(y) = 5*y + 3. Determine a(x).
18
Let x = 1/26 + 6/13. Let h(u) be the first derivative of 2*u - x*u**2 + 1. What is h(1)?
1
Let d(g) = -1 + 0 - 1 + 0*g + g. What is d(-5)?
-7
Suppose m - 3*m + 8 = -4*q, -3*m + 3*q = -12. Suppose 2*b + 8 = -0*r - r, r + m = 0. Let d(t) = -t**3 + t**2 + 3*t + 2. Calculate d(b).
8
Let k(j) be the third derivative of -j**5/60 + j**4/8 - j**3/3 - j**2. Let f(b) be the first derivative of k(b). Let o be (-80)/(-35) + (-6)/21. Calculate f(o).
-1
Let q(b) = b**3 + 2*b**2 - b. Let a = 2 - 2. Let z = a + -3. Calculate q(z).
-6
Let q(n) = -n**3 - 2*n**2 + 10*n + 4. Let y be q(-4). Let j(x) = -x - 2. Calculate j(y).
2
Let l(i) = i**2 - 1390*i - 1 + 1387*i - 13. What is l(6)?
4
Let m be 1*6*(-7 - -6). Let z(v) = 4*v - 6*v + v. Determine z(m).
6
Let z = 3 - 4. Let i = 1 + z. Suppose i = g + 6 - 3. Let k(r) = -r**3 - 2*r**2 + 2*r + 1. Determine k(g).
4
Let j(h) = h**3 - 4*h**2 + 1. Let k(d) = -5*d + 1. Let w be k(-2). Let q = w - 7. Determine j(q).
1
Let s be 1/((-1)/2) - 0. Let k be 0/(0 + s*1). Let r(q) = -5*q + 6. Let j(c) = 11*c - 12. Let g(v) = -6*j(v) - 13*r(v). Determine g(k).
-6
Let f(q) be the third derivative of q**8/20160 + q**7/5040 - q**6/144 + q**5/60 - 2*q**2. Let p(h) be the third derivative of f(h). Give p(-4).
7
Let b(g) = g**2 + 7*g + 9. Let z be b(-4). Let t(i) = -2*i + 2. What is t(z)?
8
Suppose -5*l + 12 = 5*b - 23, -2*b - 31 = -3*l. Let a(f) = -6*f**2 + l*f**2 - 6*f - 4*f**2. Give a(-5).
5
Suppose v - 2*r - 18 = -2*v, 0 = -4*v - 4*r + 44. Let l(u) = u**2 - 7*u + 7. What is l(v)?
15
Let s(x) = 6*x**2 - x - 1. Let z(h) = h**2 + 3*h + 1. Let j be z(-2). What is s(j)?
6
Let r(c) = c**2 - 3*c - c**3 + 0*c**3 + 4*c. Let z = 8 + -5. Suppose 3*b + z*d - 18 = 0, b + 16 = -b + 5*d. Calculate r(b).
-2
Let l = 24 + -9. Suppose 4*v = l + 5. Let x(r) be th